7
Suppose 122 = -14*d + 15*d. List the prime factors of d.
2, 61
Suppose 2*i = 3*i - 13. What are the prime factors of i?
13
Let v(w) = w + 10. Let a be v(-13). What are the prime factors of -1*(-45)/a*-2?
2, 3, 5
Let o = -7 - -12. Let v(q) = 2*q + 0*q + o*q. What are the prime factors of v(1)?
7
List the prime factors of (-3)/(6/(-82)) - -3.
2, 11
Let o be (-2 - -3)/((-1)/(-4)). Suppose -t - 80 = -5*t - 5*l, -o*l - 60 = -3*t. List the prime factors of t.
2, 5
Suppose 0*d - 2*d = 0. Let k(x) = -x**2 + 21. Let o be k(d). Suppose 5*m - o - 19 = 0. What are the prime factors of m?
2
Let d be (1 - 0)*-1*-29. Let y = -10 + d. What are the prime factors of y?
19
Let l = 7 + -3. List the prime factors of l.
2
Suppose -238 = -4*d + 298. What are the prime factors of d?
2, 67
Suppose 0 = 2*b - 0*b - 16. Suppose 0 = -3*y - 3*o, 0*y - b = y + 5*o. What are the prime factors of y?
2
Let b be 34/(-6) - 8/(-12). Let a(d) = -d**2 - 6*d + 7. List the prime factors of a(b).
2, 3
List the prime factors of (-3)/7 - 1416/(-21).
67
Let h be (-4)/18 - (-58)/18. Suppose 5*w - 16 = -3*i, i - 32 = 8*w - h*w. List the prime factors of i.
2, 3
Let k = -65 + 9. Let y = -16 - k. What are the prime factors of y?
2, 5
What are the prime factors of -1*(-95 - (0 - 3))?
2, 23
Let k(t) = t**3 + 5*t**2 + 9*t + 9. Let x be k(-7). List the prime factors of x/(-12) - (-1)/3.
13
List the prime factors of (-48)/(-72)*(1 + 353)/2.
2, 59
Let a be -2 - (0 + -1 + -3). Suppose 0 = a*t - 48 + 16. Let h = t - 10. List the prime factors of h.
2, 3
What are the prime factors of (37/1)/(5/5)?
37
Let i = -3 + 3. Let r(f) = 0 + f + 6 + i*f. List the prime factors of r(6).
2, 3
Let t be -4 + (0 - 4/2). Let o be (-24)/((-1)/((-4)/t)). Suppose -h + o - 6 = 0. List the prime factors of h.
2, 5
Suppose -7*p + 119 = -280. What are the prime factors of p?
3, 19
Let k(t) = t**3 + 2*t**2 - 4*t - 1. Let s be k(-3). Suppose -s*b - 6 = 0, -4*b + 5 + 1 = -2*l. List the prime factors of l*((-10)/(-6) + -2).
3
Suppose 3 + 7 = z - 4*i, -5 = -z + 5*i. Let g = 43 - z. List the prime factors of g.
13
Let y(d) = -d**3 + 8*d**2 - 2. Let s be y(8). What are the prime factors of (-12)/(-2)*s/(-1)?
2, 3
Suppose 4*q - 6*q = -60. What are the prime factors of q?
2, 3, 5
Let r(q) = -q**3 - q**2 + q - 5. Let a = -1 + -4. Let t be r(a). Suppose -u = 5*s - t, -s = 4*u - 54 + 17. What are the prime factors of s?
17
Let h be 10/(-4) - 2/(-4). Let w = h + 5. Suppose x - 7 = w. What are the prime factors of x?
2, 5
Suppose b + 151 = 529. List the prime factors of b.
2, 3, 7
Let h(j) = 20*j - 3. What are the prime factors of h(2)?
37
Let l be 1*(-3 + 2)*0. Suppose 5*s - 5*n = -30, 5*s + 4*n + l*n + 75 = 0. What are the prime factors of (-2)/s + (-60)/(-33)?
2
Let h = -4 + 5. Suppose -p - 4*q - 12 = 1, -2*p + q + h = 0. What are the prime factors of (-1)/(1/p)*4?
2
Let u(p) = p**2 - 2*p - 2. Let y(o) = -o + 6*o + 4 - 2*o - 2*o. Let h be y(-7). What are the prime factors of u(h)?
13
Let t = 229 - 125. Suppose 7*y - 3*y = t. What are the prime factors of y?
2, 13
Let h be (16/12)/(3/9). Suppose -4*i - 2*p = -2*i - 34, 32 = 4*i - 5*p. Suppose 0 = -2*j + r + i, h*j - 5*r + 0*r - 35 = 0. List the prime factors of j.
5
Let f = 6 + 83. Suppose -3*o = -f - 43. Suppose -8 = -4*i + o. List the prime factors of i.
13
Let q(u) = u**3 - 8*u**2 - 4*u + 10. Let z be q(8). Let b be 984/(-33) - (-4)/z. List the prime factors of 1/(-3) + b/(-9).
3
Let a = -7 - -62. What are the prime factors of a?
5, 11
Suppose 40 = -5*l + 3*i, -5*i = 3*l + 12 + 46. Let u = l + 5. Let s(t) = -t**3 - 7*t**2 - 7*t + 3. List the prime factors of s(u).
3
Let v = 11 + -6. Suppose v*q - 35 = -4*o + 6, 0 = 3*q + 3*o - 27. Suppose 3*g = q*g - 36. What are the prime factors of g?
2, 3
Suppose -2*u = -u - 2. List the prime factors of (-3)/u - (-69)/6.
2, 5
Let z = 208 + 126. What are the prime factors of z?
2, 167
List the prime factors of (20/6 + 3)*3.
19
Let o = 4 - 5. What are the prime factors of 3*(66/(-9))/o?
2, 11
Suppose -5 = -k - 2. Suppose -2*y + 72 = a, -2 = k*a + 4. What are the prime factors of y?
37
Suppose -3*r + 3 + 3 = 0. Suppose 3*f - r*f - 26 = 0. List the prime factors of f.
2, 13
Let q(v) = -1 + 0*v - 3 - v + 5. What are the prime factors of q(-5)?
2, 3
Suppose -4*t - 3*o = 2*o - 37, -3*o + 30 = 5*t. Suppose -7 - 4 = -2*u - i, -t*u + 9 = -i. Suppose -4*l = u*f - 88, -l + 42 = l + f. List the prime factors of l.
2, 5
Let l(a) be the first derivative of -a**3/3 - 3*a**2 + 7*a + 1. Let r be l(-7). Suppose 3*x - 37 + 7 = r. List the prime factors of x.
2, 5
What are the prime factors of -21 + 17 - (-62)/1?
2, 29
Let k(l) = l + 9. Let f(q) = -5. Let r(h) = -5*f(h) - 2*k(h). Let d be r(5). Let o(m) = -m**2 - 5*m - 4. What are the prime factors of o(d)?
2
Let i = 166 + -91. List the prime factors of i.
3, 5
Let h(i) = -i**3 + 3*i**2 + 2*i - 3. Let n be h(3). Suppose 53 = n*y - 1. List the prime factors of y.
2, 3
Let u(c) = -c**3 + 5*c**2 - 4*c. Let r be u(4). Let b = r - -4. Suppose -5 = b*l - 29. List the prime factors of l.
2, 3
Let t = 117 + -65. List the prime factors of t.
2, 13
Let z(t) = -t**2 - 14*t - 15. Let d be z(-12). Suppose d = 3*m, 4*m - 2*m = x - 30. What are the prime factors of x?
2, 3
List the prime factors of 2/3*(-4818)/(-44).
73
Suppose y + 2*y = -27. List the prime factors of (-4*3)/(y/6).
2
Let k(p) = p + 8. Let f be k(-6). Suppose y + f = 3*y. Let d = y - -6. List the prime factors of d.
7
Let y = -3 + 2. Let c = 7 + -4. Let d = c - y. List the prime factors of d.
2
Suppose -q + 5 = 2. Let d(g) = -7*g + 3. Let o(t) = 2*t - 1. Let h(f) = 2*d(f) + 9*o(f). List the prime factors of h(q).
3
Let r(n) = n**3 + 6*n**2 - 4*n. Let b be r(-3). Suppose -4*v + v = -12. Suppose -s - b = -v*s. What are the prime factors of s?
13
Suppose d + 20 = 5*d. Suppose 2*p = -2*j + 8, d*p - j + 2*j - 32 = 0. What are the prime factors of p?
7
List the prime factors of (3008/48)/(2/3).
2, 47
Let x = 3 - 3. Suppose -2*w + x*w = -4. List the prime factors of -12*(w/(-3) - 0).
2
Let h(i) = 4*i**2 - 5*i + 4. Let k be h(4). What are the prime factors of (k/(-14))/1*-7?
2, 3
Let f = 3 - 7. Let n be 4/(-2 - f) + 30. Suppose -5*c = -c - n. What are the prime factors of c?
2
Suppose 2*w + q - 279 = -2*q, -5*w = -2*q - 707. List the prime factors of w.
3, 47
Let q(n) = -n**2 - 6*n + 8. Let m be q(-6). Suppose 2*f = 4*c - 28, 3*f - 2*f + 29 = 5*c. Let j = m + f. List the prime factors of j.
2
Suppose 393 = 6*u - 15. What are the prime factors of u?
2, 17
Let y = 426 - 270. List the prime factors of y.
2, 3, 13
Let f be 3/(-1 - 15/(-6)). Suppose 3*w = -f*w + 20. Suppose -14 - 2 = -w*c. List the prime factors of c.
2
Suppose -3*q + 2*y + 860 = 0, 0 = -5*q + y - 0*y + 1424. What are the prime factors of q?
2, 71
Suppose -3*l - 5*i = 2*l - 275, -i = 3*l - 155. Let q be (4/6)/((-1)/48). Let n = q + l. List the prime factors of n.
2, 3
Let s(o) = -3*o**2 - o + 1. Let b be s(-2). Let g = b + 13. Suppose 3*t - 8 = g. What are the prime factors of t?
2
Let l(m) = -m**3 + 5*m**2 - 2*m - 1. Suppose -4*z + 1 - 5 = 0. Let y be 0 + z - (-6 - -1). What are the prime factors of l(y)?
7
Let z = 6 - 10. List the prime factors of z/(-10) - 93/(-5).
19
Let i be (1 + -1)/(1/1). Let m be (-48)/(-22) - (-6)/(-33). Suppose -m*z - 8 = 4*t, -5*t - 8 = 3*z - i*z. List the prime factors of z.
2
Let m(z) = z**3 - 10*z**2 + 4*z + 3. List the prime factors of m(10).
43
Let j be (-2)/(-6) + 276/(-18). Let n = -10 - j. Suppose -n*y = -y - 36. List the prime factors of y.
3
Suppose 0 = 3*w - 795 - 135. List the prime factors of w.
2, 5, 31
Let t be 3/(-8 + 2)*0. Suppose g + t = 2. What are the prime factors of g?
2
List the prime factors of 14/(-7)*(-78)/3.
2, 13
Let t = -4 + 4. Suppose t*r - 2*r = -12. What are the prime factors of r?
2, 3
What are the prime factors of (-1 - 10/6)*165/(-20)?
2, 11
Let o = 262 + -84. List the prime factors of o.
2, 89
Suppose 74 + 57 = 3*d + r, d + 5*r = 67. Let z = -25 + d. Suppose -4*y + 10 + 2 = 4*l, 0 = 3*l - 5*y - z. What are the prime factors of l?
2
Let c(b) = -b - 1. Let o be c(-3). Suppose 2*i + p = -2*p + 18, o*i - 3*p - 42 = 0. What are the prime factors of i?
3, 5
Let b(n) = 24*n**2 + 3*n + 3. Let f be b(-2). Let m = -51 + f. What are the prime factors of